{"id":16,"date":"2020-01-15T18:42:25","date_gmt":"2020-01-15T18:42:25","guid":{"rendered":"https:\/\/lerninsel-baetterkinden.ch\/wordpress\/?page_id=16"},"modified":"2020-01-16T08:25:49","modified_gmt":"2020-01-16T08:25:49","slug":"dyskalkulie","status":"publish","type":"page","link":"https:\/\/lerninsel-baetterkinden.ch\/?page_id=16","title":{"rendered":"Dyskalkulie"},"content":{"rendered":"\n<div class=\"wp-block-columns is-layout-flex wp-container-core-columns-is-layout-9d6595d7 wp-block-columns-is-layout-flex\">\n<div class=\"wp-block-column is-layout-flow wp-block-column-is-layout-flow\" style=\"flex-basis:33.33%\">\n<h1 class=\"has-text-color wp-block-heading\" style=\"color:#ffffff\">.<\/h1>\n\n\n\n<p class=\"news\"> &#171;Das Lernen hat seinen Reiz und seine Belohnung in sich selber.&#187; <\/p>\n\n\n\n<p class=\"news\"><em>Johann Gottlieb Fichte <\/em><\/p>\n<\/div>\n\n\n\n<div class=\"wp-block-column is-layout-flow wp-block-column-is-layout-flow\" style=\"flex-basis:66.66%\">\n<h1 class=\"wp-block-heading\">Dyskalkulie<\/h1>\n\n\n\n<p>\n\nHat Ihr Kind Schwierigkeiten beim Rechnen?<\/p>\n\n\n\n<p>Dann melden Sie sich doch bei mir. Nach einem ausf\u00fchrlichen Gespr\u00e4ch und einem p\u00e4dagogischen Test werde ich einen speziell auf die Schwierigkeiten Ihres Kindes abgestimmten Trainingsplan ausarbeiten. Damit Sie auch zu Hause mit Ihrem Kind arbeiten k\u00f6nnen, werde ich Ihnen dazu Anleitungen geben. Es gen\u00fcgt nicht, nur an den Fehlern zu \u00fcben. Zus\u00e4tzlich ben\u00f6tigt Ihr Kind auch ein Aufmerksamkeits- und Sinneswahrnehmungstraining. Jede Dyskalkulie\/Rechenschw\u00e4che ist individuell verschieden. Deshalb ben\u00f6tigt Ihr Kind eine individuelle F\u00f6rderung.<\/p>\n\n\n\n<p>Der F\u00f6rderunterricht findet ausserhalb des Schulunterrichts statt. Er kann zu einem beliebigen Zeitpunkt beginnen oder enden. Der Termin f\u00fcr die einzelnen Lektionen wird gemeinsam vereinbart. Tarif: CHF 60.&#8211; f\u00fcr eine Lektion \u00e0 60 Minuten.\n\n<\/p>\n<\/div>\n<\/div>\n","protected":false},"excerpt":{"rendered":"<p>. &#171;Das Lernen hat seinen Reiz und seine Belohnung in sich selber.&#187; Johann Gottlieb Fichte Dyskalkulie Hat Ihr Kind Schwierigkeiten beim Rechnen? Dann melden Sie sich doch bei mir. Nach einem ausf\u00fchrlichen Gespr\u00e4ch und einem p\u00e4dagogischen Test werde ich einen speziell auf die Schwierigkeiten Ihres Kindes abgestimmten Trainingsplan ausarbeiten. Damit Sie auch zu Hause mit [&hellip;]<\/p>\n","protected":false},"author":1,"featured_media":0,"parent":0,"menu_order":3,"comment_status":"closed","ping_status":"closed","template":"","meta":{"footnotes":""},"class_list":["post-16","page","type-page","status-publish","hentry"],"_links":{"self":[{"href":"https:\/\/lerninsel-baetterkinden.ch\/index.php?rest_route=\/wp\/v2\/pages\/16","targetHints":{"allow":["GET"]}}],"collection":[{"href":"https:\/\/lerninsel-baetterkinden.ch\/index.php?rest_route=\/wp\/v2\/pages"}],"about":[{"href":"https:\/\/lerninsel-baetterkinden.ch\/index.php?rest_route=\/wp\/v2\/types\/page"}],"author":[{"embeddable":true,"href":"https:\/\/lerninsel-baetterkinden.ch\/index.php?rest_route=\/wp\/v2\/users\/1"}],"replies":[{"embeddable":true,"href":"https:\/\/lerninsel-baetterkinden.ch\/index.php?rest_route=%2Fwp%2Fv2%2Fcomments&post=16"}],"version-history":[{"count":4,"href":"https:\/\/lerninsel-baetterkinden.ch\/index.php?rest_route=\/wp\/v2\/pages\/16\/revisions"}],"predecessor-version":[{"id":69,"href":"https:\/\/lerninsel-baetterkinden.ch\/index.php?rest_route=\/wp\/v2\/pages\/16\/revisions\/69"}],"wp:attachment":[{"href":"https:\/\/lerninsel-baetterkinden.ch\/index.php?rest_route=%2Fwp%2Fv2%2Fmedia&parent=16"}],"curies":[{"name":"wp","href":"https:\/\/api.w.org\/{rel}","templated":true}]}}